{"id":3,"date":"2025-04-05T07:57:29","date_gmt":"2025-04-05T07:57:29","guid":{"rendered":"https:\/\/autourduvin.ch\/?page_id=3"},"modified":"2026-03-02T09:29:11","modified_gmt":"2026-03-02T09:29:11","slug":"politique-de-confidentialite","status":"publish","type":"page","link":"https:\/\/autourduvin.ch\/it\/politique-de-confidentialite\/","title":{"rendered":"Informativa sulla privacy"},"content":{"rendered":"<h2 class=\"wp-block-heading\">Informativa sulla Privacy di Autour du Vin<\/h2>\n\n\n\n<h4 class=\"wp-block-heading\">1. Introduzione<\/h4>\n\n\n\n<p class=\"wp-block-paragraph\">Autour du Vin attribuisce grande importanza alla protezione dei tuoi dati personali. Questa informativa sulla privacy descrive come raccogliamo, utilizziamo e proteggiamo le tue informazioni quando utilizzi il nostro sito web <a class=\"\" href=\"https:\/\/autourduvin.ch\/it\/\">https:\/\/www.autourduvin.ch<\/a>.<\/p>\n\n\n\n<h4 class=\"wp-block-heading\">2. Responsabile del trattamento dei dati<\/h4>\n\n\n\n<p class=\"wp-block-paragraph\">Il titolare del trattamento dei dati \u00e8:<\/p>\n\n\n\n<p class=\"wp-block-paragraph\"><strong>Attorno al vino<\/strong><br>Indirizzo: Rue des Communaux 8, 1800 Vevey<br>Telefono: +41 79 791 48 74<br>E-mail: <a class=\"\"><a href=\"mailto:kamel@autourduvin.ch\">kamel@autourduvin.ch<\/a><\/a><\/p>\n\n\n\n<h4 class=\"wp-block-heading\">3. Dati personali raccolti<\/h4>\n\n\n\n<p class=\"wp-block-paragraph\">Raccogliamo solo i dati personali necessari per rispondere alle tue richieste tramite il nostro modulo di contatto:<\/p>\n\n\n\n<ul class=\"wp-block-list\">\n<li>Nome e cognome<\/li>\n\n\n\n<li>Indirizzo e-mail<\/li>\n\n\n\n<li>Numero di telefono<\/li>\n<\/ul>\n\n\n\n<h4 class=\"wp-block-heading\">4. Finalit\u00e0 della raccolta dei dati<\/h4>\n\n\n\n<p class=\"wp-block-paragraph\">Le informazioni raccolte sono utilizzate esclusivamente per:<\/p>\n\n\n\n<ul class=\"wp-block-list\">\n<li>Rispondere alle tue richieste tramite il modulo di contatto<\/li>\n\n\n\n<li>Ti contatteremo se necessario per domande relative ai nostri eventi o servizi<\/li>\n<\/ul>\n\n\n\n<h4 class=\"wp-block-heading\">5. Alloggio dei dati<\/h4>\n\n\n\n<p class=\"wp-block-paragraph\">Il sito web \u00e8 ospitato in Svizzera. Tutti i dati raccolti e memorizzati rimangono in Svizzera.<\/p>\n\n\n\n<h4 class=\"wp-block-heading\">6. Condivisione dei dati<\/h4>\n\n\n\n<p class=\"wp-block-paragraph\">Non condividiamo i tuoi dati personali con terze parti, salvo nei casi in cui sia richiesto dalla legge.<\/p>\n\n\n\n<h4 class=\"wp-block-heading\">7. Livelli di servizio (Google Maps)<\/h4>\n\n\n\n<p class=\"wp-block-paragraph\">Il nostro sito utilizza il servizio Google Maps per visualizzare la posizione della nostra azienda. L'uso di Google Maps pu\u00f2 portare alla raccolta di alcuni dati da parte di Google, in conformit\u00e0 con la loro politica sulla privacy.<\/p>\n\n\n\n<h4 class=\"wp-block-heading\">Sicurezza Dati<\/h4>\n\n\n\n<p class=\"wp-block-paragraph\">Implementiamo tutte le misure tecniche e organizzative appropriate per proteggere i tuoi dati personali da smarrimento, accesso non autorizzato o divulgazione.<\/p>\n\n\n\n<h4 class=\"wp-block-heading\">9. I vostri diritti<\/h4>\n\n\n\n<p class=\"wp-block-paragraph\">In conformit\u00e0 con la legislazione svizzera sulla protezione dei dati, avete il diritto di:<\/p>\n\n\n\n<ul class=\"wp-block-list\">\n<li>Accedere ai tuoi dati personali<\/li>\n\n\n\n<li>Correggi i tuoi dati se sono errati o incompleti<\/li>\n\n\n\n<li>Richiedere la cancellazione dei tuoi dati, salvo obbligo legale di conservazione<\/li>\n\n\n\n<li>Revocare il consenso al trattamento dei dati in qualsiasi momento<\/li>\n<\/ul>\n\n\n\n<p class=\"wp-block-paragraph\">Per esercitare questi diritti, contattaci a <a href=\"mailto:kamel@autourduvin.ch\">kamel@autourduvin.ch<\/a><\/p>\n\n\n\n<h4 class=\"wp-block-heading\">10. Modifiche alla politica sulla privacy<\/h4>\n\n\n\n<p class=\"wp-block-paragraph\">Autour du Vin si riserva il diritto di modificare questa politica in qualsiasi momento. Le modifiche avranno effetto non appena saranno pubblicate sul sito.<\/p>\n\n\n\n<h4 class=\"wp-block-heading\">11. Diritto all'immagine e comunicazione<\/h4>\n\n\n\n<p class=\"wp-block-paragraph\">Il Cliente \u00e8 informato e accetta che, durante l'evento, vengano effettuate riprese (fotografiche e\/o video). Tali immagini hanno lo scopo di comunicare e promuovere il chemin des capites \/ autourduvin.ch su tutti i suoi supporti di comunicazione attuali e futuri (in particolare sito web, social network, newsletter, brochure, rapporti d'attivit\u00e0).<\/p>\n\n\n\n<p class=\"wp-block-paragraph\">Partecipando all'evento, il Cliente (o partecipante) autorizza espressamente l'utilizzo e la diffusione della propria immagine in questo contesto. Tale autorizzazione \u00e8 concessa gratuitamente, per tutto il mondo, fatto salvo il rispetto della dignit\u00e0 della persona ritratta.<\/p>\n\n\n\n<p class=\"wp-block-paragraph\">Ai sensi del GDPR e del diritto all'immagine, chiunque non desideri essere fotografato o desideri la rimozione di un'immagine pu\u00f2 segnalarlo per iscritto all'organizzatore al seguente indirizzo: vedere la sezione \u00ab12. Contatti in basso\u00bb<\/p>\n\n\n\n<h4 class=\"wp-block-heading\">12. Contatti<\/h4>\n\n\n\n<p class=\"wp-block-paragraph\">Per qualsiasi domanda su questa politica sulla privacy, puoi contattarci:<\/p>\n\n\n\n<p class=\"wp-block-paragraph\"><strong>Attorno al vino<\/strong><br>Indirizzo: Rue des Communaux 8, 1800 Vevey<br>E-mail: <a class=\"\"><a href=\"mailto:kamel@autourduvin.ch\">kamel@autourduvin.ch<\/a><\/a><br>Telefono: +41 79 791 48 74<\/p>\n\n\n\n<p class=\"wp-block-paragraph\"><strong>Ultimo aggiornamento: 02\/03\/2026<\/strong><\/p>\n\n\n\n<p class=\"wp-block-paragraph\"><\/p>","protected":false},"excerpt":{"rendered":"<p>Politique de Confidentialit\u00e9 de Autour du Vin 1. Introduction Autour du Vin attache une grande importance \u00e0 la protection de vos donn\u00e9es personnelles. Cette politique de confidentialit\u00e9 d\u00e9crit la mani\u00e8re dont nous collectons, utilisons et prot\u00e9geons vos informations lorsque vous utilisez notre site internet https:\/\/www.autourduvin.ch. 2. Responsable du traitement des donn\u00e9es Le responsable du traitement [&hellip;]<\/p>\n","protected":false},"author":1,"featured_media":0,"parent":0,"menu_order":0,"comment_status":"closed","ping_status":"open","template":"","meta":{"_acf_changed":false,"footnotes":""},"class_list":["post-3","page","type-page","status-publish","hentry"],"acf":[],"_links":{"self":[{"href":"https:\/\/autourduvin.ch\/it\/wp-json\/wp\/v2\/pages\/3","targetHints":{"allow":["GET"]}}],"collection":[{"href":"https:\/\/autourduvin.ch\/it\/wp-json\/wp\/v2\/pages"}],"about":[{"href":"https:\/\/autourduvin.ch\/it\/wp-json\/wp\/v2\/types\/page"}],"author":[{"embeddable":true,"href":"https:\/\/autourduvin.ch\/it\/wp-json\/wp\/v2\/users\/1"}],"replies":[{"embeddable":true,"href":"https:\/\/autourduvin.ch\/it\/wp-json\/wp\/v2\/comments?post=3"}],"version-history":[{"count":6,"href":"https:\/\/autourduvin.ch\/it\/wp-json\/wp\/v2\/pages\/3\/revisions"}],"predecessor-version":[{"id":1479,"href":"https:\/\/autourduvin.ch\/it\/wp-json\/wp\/v2\/pages\/3\/revisions\/1479"}],"wp:attachment":[{"href":"https:\/\/autourduvin.ch\/it\/wp-json\/wp\/v2\/media?parent=3"}],"curies":[{"name":"wp","href":"https:\/\/api.w.org\/{rel}","templated":true}]}}

<h2 class="wp-block-heading">Informativa sulla Privacy di Autour du Vin</h2>



<h4 class="wp-block-heading">1. Introduzione</h4>



<p class="wp-block-paragraph">Autour du Vin attribuisce grande importanza alla protezione dei tuoi dati personali. Questa informativa sulla privacy descrive come raccogliamo, utilizziamo e proteggiamo le tue informazioni quando utilizzi il nostro sito web <a class="" href="https://autourduvin.ch/it/">https://www.autourduvin.ch</a>.</p>



<h4 class="wp-block-heading">2. Responsabile del trattamento dei dati</h4>



<p class="wp-block-paragraph">Il titolare del trattamento dei dati è:</p>



<p class="wp-block-paragraph"><strong>Attorno al vino</strong><br>Indirizzo: Rue des Communaux 8, 1800 Vevey<br>Telefono: +41 79 791 48 74<br>E-mail: <a class=""><a href="mailto:kamel@autourduvin.ch">kamel@autourduvin.ch</a></a></p>



<h4 class="wp-block-heading">3. Dati personali raccolti</h4>



<p class="wp-block-paragraph">Raccogliamo solo i dati personali necessari per rispondere alle tue richieste tramite il nostro modulo di contatto:</p>



<ul class="wp-block-list">
<li>Nome e cognome</li>



<li>Indirizzo e-mail</li>



<li>Numero di telefono</li>
</ul>



<h4 class="wp-block-heading">4. Finalità della raccolta dei dati</h4>



<p class="wp-block-paragraph">Le informazioni raccolte sono utilizzate esclusivamente per:</p>



<ul class="wp-block-list">
<li>Rispondere alle tue richieste tramite il modulo di contatto</li>



<li>Ti contatteremo se necessario per domande relative ai nostri eventi o servizi</li>
</ul>



<h4 class="wp-block-heading">5. Alloggio dei dati</h4>



<p class="wp-block-paragraph">Il sito web è ospitato in Svizzera. Tutti i dati raccolti e memorizzati rimangono in Svizzera.</p>



<h4 class="wp-block-heading">6. Condivisione dei dati</h4>



<p class="wp-block-paragraph">Non condividiamo i tuoi dati personali con terze parti, salvo nei casi in cui sia richiesto dalla legge.</p>



<h4 class="wp-block-heading">7. Livelli di servizio (Google Maps)</h4>



<p class="wp-block-paragraph">Il nostro sito utilizza il servizio Google Maps per visualizzare la posizione della nostra azienda. L'uso di Google Maps può portare alla raccolta di alcuni dati da parte di Google, in conformità con la loro politica sulla privacy.</p>



<h4 class="wp-block-heading">Sicurezza Dati</h4>



<p class="wp-block-paragraph">Implementiamo tutte le misure tecniche e organizzative appropriate per proteggere i tuoi dati personali da smarrimento, accesso non autorizzato o divulgazione.</p>



<h4 class="wp-block-heading">9. I vostri diritti</h4>



<p class="wp-block-paragraph">In conformità con la legislazione svizzera sulla protezione dei dati, avete il diritto di:</p>



<ul class="wp-block-list">
<li>Accedere ai tuoi dati personali</li>



<li>Correggi i tuoi dati se sono errati o incompleti</li>



<li>Richiedere la cancellazione dei tuoi dati, salvo obbligo legale di conservazione</li>



<li>Revocare il consenso al trattamento dei dati in qualsiasi momento</li>
</ul>



<p class="wp-block-paragraph">Per esercitare questi diritti, contattaci a <a href="mailto:kamel@autourduvin.ch">kamel@autourduvin.ch</a></p>



<h4 class="wp-block-heading">10. Modifiche alla politica sulla privacy</h4>



<p class="wp-block-paragraph">Autour du Vin si riserva il diritto di modificare questa politica in qualsiasi momento. Le modifiche avranno effetto non appena saranno pubblicate sul sito.</p>



<h4 class="wp-block-heading">11. Diritto all'immagine e comunicazione</h4>



<p class="wp-block-paragraph">Il Cliente è informato e accetta che, durante l'evento, vengano effettuate riprese (fotografiche e/o video). Tali immagini hanno lo scopo di comunicare e promuovere il chemin des capites / autourduvin.ch su tutti i suoi supporti di comunicazione attuali e futuri (in particolare sito web, social network, newsletter, brochure, rapporti d'attività).</p>



<p class="wp-block-paragraph">Partecipando all'evento, il Cliente (o partecipante) autorizza espressamente l'utilizzo e la diffusione della propria immagine in questo contesto. Tale autorizzazione è concessa gratuitamente, per tutto il mondo, fatto salvo il rispetto della dignità della persona ritratta.</p>



<p class="wp-block-paragraph">Ai sensi del GDPR e del diritto all'immagine, chiunque non desideri essere fotografato o desideri la rimozione di un'immagine può segnalarlo per iscritto all'organizzatore al seguente indirizzo: vedere la sezione «12. Contatti in basso»</p>



<h4 class="wp-block-heading">12. Contatti</h4>



<p class="wp-block-paragraph">Per qualsiasi domanda su questa politica sulla privacy, puoi contattarci:</p>



<p class="wp-block-paragraph"><strong>Attorno al vino</strong><br>Indirizzo: Rue des Communaux 8, 1800 Vevey<br>E-mail: <a class=""><a href="mailto:kamel@autourduvin.ch">kamel@autourduvin.ch</a></a><br>Telefono: +41 79 791 48 74</p>



<p class="wp-block-paragraph"><strong>Ultimo aggiornamento: 02/03/2026</strong></p>



<p class="wp-block-paragraph"></p>

<p>Politique de Confidentialité de Autour du Vin 1. Introduction Autour du Vin attache une grande importance à la protection de vos données personnelles. Cette politique de confidentialité décrit la manière dont nous collectons, utilisons et protégeons vos informations lorsque vous utilisez notre site internet https://www.autourduvin.ch. 2. Responsable du traitement des données Le responsable du traitement [&hellip;]</p>
